.
-13
Let c(b) = -5*b**3 - b**2 + 1. Let g(a) = 2*a**2 + 100*a + 1154. Let x be g(-32). What is c(x)?
-43
Let q be 3/((-14)/16*(-96)/56). Let g(a) = 6*a**2 - a + 1. Determine g(q).
23
Let i = -68 + 53. Let t(d) = d + 16. What is t(i)?
1
Suppose -57*x + 86*x - 44 = 565. Let t(k) = -2*k**2 + 43*k - 10. What is t(x)?
11
Let o(t) = 30*t**3 - 6*t**2 + 13 + 30*t**3 - 13*t**3 + t - 46*t**3. Calculate o(6).
19
Let s = -46 + 53. Let c be ((-20)/(-15) + -1)*6. Let n(j) = -6*j + s*j - 4*j**2 - 6*j + c*j**2 - 4. Give n(-3).
-7
Let r(b) = -9*b**3 - 4*b**2 - 11*b - 53. Let w(g) = 26*g**3 + 12*g**2 + 32*g + 151. Let i(n) = 17*r(n) + 6*w(n). Calculate i(-2).
-13
Let w(p) be the first derivative of p**7/420 - p**6/360 + 142*p**3/3 - 99. Let h(s) be the third derivative of w(s). Let x = 2 - 3. Give h(x).
-3
Let h(o) = -50*o + o**2 + 49*o + 0*o**2 - o**3. Suppose y - p + 4 = 0, 0 = -y - 2*y + 2*p - 7. Let c = y + 1. What is h(c)?
-6
Let t be -3*(-3)/(4 + -3). Let r(p) = -6*p**2 + p**3 + 29 - 13 - t - 9*p. Suppose 2*q - 4 = 5*c, 3*c = -q + c + 11. Give r(q).
-7
Let n be 2/(-4)*1*-24. Let o(m) = -6*m + 158. Let t be o(26). Suppose n = -t*d + 24. Let g(h) = -h**3 + 5*h**2 + 4*h - 3. Give g(d).
-15
Let x(j) = -j**3 - 23*j**2 - 42*j - 3. Let h be x(-2). Let o(b) = b**3 + 5*b**2 + 6*b - 6. Give o(h).
-6
Let x(a) = -13*a + 33. Let k = -6890 + 6893. Calculate x(k).
-6
Suppose 3*m + 7*m - 136 - 74 = 0. Let h(d) = 2*d**2 - 41*d - 32. Determine h(m).
-11
Let g(u) = -u**2 + 9*u + 16. Let n be -10 - ((-15)/(-3) + 0). Suppose 0*o - 3*o = 3, 3*o + 63 = 5*t. Let b be (-153)/n - t/(-15). What is g(b)?
-6
Let z(k) = -21*k**3 - 2*k + 1. Let v(a) = -169*a**3 + 7*a**2 + 5*a + 18. Let c(t) = -v(t) + 8*z(t). Determine c(10).
80
Let l(p) = -6*p - 522*p**2 + 1085*p**2 - p**3 + 12 - 571*p**2. Determine l(-7).
5
Let z = -285 + 344. Let x(c) = -c - z - c - 49 + 105. Determine x(-7).
11
Suppose 3*l + 5*j - 6*j - 12 = 0, -3*j = -5*l + 20. Suppose -2*z + 6 = -g - g, -3*z = 5*g - 25. Let f(c) = 0 + 1 - l*c + c**g + c - 3*c. Determine f(3).
-8
Suppose -5*b + 90 = 5*p, -130 = -5*p + 2*b + 3*b. Let q = p - 28. Let i(g) = -7 + 2 - 6*g + 134*g**2 + 7 - 135*g**2. What is i(q)?
2
Let k be (-42)/147 + 111/21 + -1. Let u(j) = j**3 - 10*j - 9. Calculate u(k).
15
Let m(c) = 3 - 68*c + 72*c - 7 - 2*c**2 + 3*c**2. Suppose -4*g + 16 - 48 = 2*y, 4*y + 19 = g. Give m(y).
8
Let o(w) = -w**2 + 2*w + 2. Let s be 1594/(-10) + (-6 - 128/(-20)). Let p = s + 156. Calculate o(p).
-13
Let p = 3495 - 3491. Let o(q) be the third derivative of 15*q**2 + 0*q**p + 0 + 0*q + 1/60*q**5 + 2/3*q**3. What is o(3)?
13
Let a = -5 - -9. Let p(u) be the second derivative of 3*u + 51 - 2/3*u**3 + 1/12*u**4 - 1/2*u**2. Calculate p(a).
-1
Let v(u) be the second derivative of 8*u**4/3 + u**3/3 + u**2 - 7*u + 3. What is v(-1)?
32
Let d = -56 + 98. Suppose -10*q - 5*h = -6*q + d, -2*q + 2*h = 12. Let t(x) = x - 2. Give t(q).
-10
Suppose 1261 = 2*n - 3*l + 1282, 0 = -5*l + 35. Let z(q) = -q**2 - 12*q - 18. Determine z(n).
-18
Let n(k) = 2*k**3 + 14*k**2 - 4*k - 9. Suppose g = a + 2*a + 8, 0 = -5*g - 5*a - 60. Give n(g).
19
Let m be (-34)/(-85) + ((-2264)/10 - -2). Let a = m - -225. Let c(o) be the third derivative of -o**6/40 + o**5/60 + o**4/24 - o**3/6 - 2*o**2. Calculate c(a).
-2
Let h(a) be the third derivative of 1/12*a**4 + 1/3*a**3 + 0 + 3*a - 6*a**2. Determine h(6).
14
Let n(w) = -11*w - 91. Let f(b) = b**2 + 56*b - 378. Let c be f(6). What is n(c)?
-25
Let u = -241 + 246. Let t(r) be the third derivative of r**5/60 - r**4/6 - 2*r**3/3 - 2*r**2. Let o be t(u). Let p(b) = -5*b**2 + b - 1. Calculate p(o).
-5
Let o(j) = j + 13. Suppose 3*v = -4*l + 87, -4*v = -5*l + 9 - 94. Suppose v - 16 = y. Determine o(y).
22
Let p(o) = o**2 - 25*o + 12. Let g(u) = -5*u**2 + 128*u - 57. Let a(l) = 4*g(l) + 22*p(l). What is a(18)?
0
Let l(z) = -2*z**2 + 25*z + 40. Let c = 2203 - 2189. What is l(c)?
-2
Let w(m) = -2*m**2 + 19*m + 1. Let n = -3432 - -3441. Calculate w(n).
10
Let m(o) be the second derivative of 0*o**3 + 12*o + 1/720*o**6 - 19/12*o**4 + 0*o**2 + 0*o**5 + 0. Let n(a) be the third derivative of m(a). Give n(4).
4
Let d(t) = -104*t**2 - 2*t + 17. Let w(u) = 25*u**2 - 4. Let g(p) = 6*d(p) + 25*w(p). What is g(11)?
-9
Let h(f) = -3*f**2 + 2*f - f + f**3 - 1051010 + 1051024. What is h(4)?
34
Let w(k) = -k**3 + 9*k**2 - 6*k - 9. Let h = 227 + -222. Suppose -y - h + 3 = 5*f, -3*y = 4*f - 16. Give w(y).
7
Let y(o) = -16 - 12906*o**3 + 17*o**2 + 33*o + 12905*o**3 + 0*o - 3*o**2. What is y(16)?
0
Let m(r) = -r**3 + r**2 - 2*r + 16. Let b(p) = 2*p**3 - 2*p**2 + 3*p - 35. Let o(u) = 6*b(u) + 11*m(u). Determine o(0).
-34
Let w(v) = v**2 + v + 3. Suppose 9*k - 337 + 58 = 0. Suppose 0 = -10*f + 1 - k. Give w(f).
9
Let s(l) = -41*l + 72. Let k(v) = 116*v - 218. Let x(u) = 5*k(u) + 14*s(u). Determine x(8).
-34
Let f(z) = -30*z - 3. Let l(s) = -833*s - 105. Let c(b) = 28*f(b) - l(b). What is c(-16)?
133
Let r(a) = -a**3 + 16*a**2 - 23*a - 57. Let b be r(14). Let o(f) = f**2 - 17*f + 51. Determine o(b).
-1
Let r(b) = 7*b**3 + 34*b**2 + 24*b - 10. Let d(i) = 3*i**3 + 16*i**2 + 15*i - 5. Let x(v) = -5*d(v) + 2*r(v). Give x(-9).
5
Let d(s) = 12*s + 12 - 5*s - 13*s - 2*s. Let p(w) = -10*w + 13. Let b(t) = 7*d(t) - 6*p(t). Suppose -v - 12 = v. Give b(v).
-18
Let g(i) be the first derivative of -6*i**3 - i**2 + i - 3016. Give g(1).
-19
Let c(s) = s + 10. Let u(t) = 15*t + 158. Let j(k) = -4*c(k) + u(k). Give j(-13).
-25
Let f(j) = 107 + 185*j - 15 - 67*j - 85*j. What is f(-3)?
-7
Let m be (-676)/(-130) - (-6)/(-30). Let x(r) = 2*r**2 - 3*r + 6. Determine x(m).
41
Let n(r) = -r**3 - 7*r**2 + r + 9. Suppose 3*j = 6*j - 6. Let p be (-13)/j + 10/(-20). Give n(p).
2
Suppose -279*n - 66 = -282*n. Let p(b) = -23 - n + 39 - b. Let a be (16/5)/(8/20). Determine p(a).
-14
Suppose 32 = -p + 17*p. Let d(r) = -14*r**2 + 0*r + r + 1 + 9*r**p. What is d(-1)?
-5
Let w(o) = -7*o**2 - o - 1. Let c be ((-6)/(-7))/(6 - 1320/224). Let l be 1*(-2 + 3 + -10). Let u = c + l. Give w(u).
-7
Suppose 7*a + 4*w - 19 = 4*a, 3*w = -3*a + 15. Let o(d) = -d + d - 1 + 26*d**3. Determine o(a).
25
Let x(w) = 2*w + 10. Let k = -6457 + 6452. What is x(k)?
0
Let s(t) be the second derivative of t**5/20 + t**4/6 + t**3/3 - 7*t**2/2 - 3601*t. Calculate s(-4).
-47
Let p(k) = -3*k**2 + 8*k**2 + 44 - 7928*k + 7911*k - 4*k**2. Give p(8).
-28
Let t(k) be the third derivative of k**6/120 - k**5/15 + 5*k**4/24 - 29*k**3/6 - 1558*k**2. Give t(4).
-9
Let m(a) = -19*a - 124. Let y be -14 + 21 - -4*(-28)/8. Determine m(y).
9
Let x = 596 - 590. Let d(r) = 20 + x*r**2 + 3*r**2 - 5*r + 10*r + r**3 - 3*r. Calculate d(-9).
2
Let l(o) be the second derivative of -o**4/12 + o**3/3 + 2*o**2 - 46*o. Let q(k) = 17 - 19 - 25 + 25*k - k**2. Let r be q(24). Determine l(r).
-11
Suppose -4*o + 2 = 2*u, -3*u + 26 = 2*o - 7*u. Let h(n) = -1 + n**2 + 38*n**o - 39*n**3 - 2*n**2. What is h(-2)?
3
Let o = -1192 + 1161. Let u(l) = -l**2 - 35*l - 118. Determine u(o).
6
Let d(u) = 7*u - 28. Let p(n) = n**3 - 21*n**2 - 32*n + 228. Let r be p(22). Determine d(r).
28
Let v be 10/3 - (-1105)/663. Let p(r) = r**3 - 6*r**2 + 3*r - 6. Determine p(v).
-16
Let d be (39/(-15) - 9/9)*130/(-39). Let r(x) = -x**2 + 16*x - 8. What is r(d)?
40
Let q(l) = l**3 - 5*l**2 + 5*l - 10. Let t be (-1)/(2/2*84/(-420)). What is q(t)?
15
Suppose s - 5*s + 32 = -3*p, 29 = -p + 5*s. Let b be (9/(-6))/(2/p). Let q(l) = -l**2 + 3*l + 3. Give q(b).
3
Let g(m) = -m**3 - 21*m**2 + 23*m - 7. Suppose 2*u - t = -46, -u + 57*t - 20 = 58*t. Calculate g(u).
-29
Let m(a) = -3*a - 2. Let j(h) = -5*h**3 - 2*h**2 + 3*h - 2. Let l be j(2). Let d = -20 - 26. Let z = d - l. Calculate m(z).
4
Let q(z) = z**2 + 16*z + 21. Let g be (98/294)/((-2)/84). Determine q(g).
-7
Let p(r) be the second derivative of 1/6*r**3 + 2*r**2 + r + 0. Let t be 8 + -13 + 2 - 0. Give p(t).
1
Let l(w) = -5*w**3 + w - 1. Suppose -5 + 26 = 7*z. Suppose -4*x + 1 = -z*x. Suppose 9*s = 8*s + x. Give l(s).
-5
Suppose 4*b = -2*r, -7*r + 12*r - 4*b + 14 = 0. Let w(l) be the second derivative of 2*l**3/3 - l**2 + 108*l. What is w(r)?
-10
Let l(p) = p**3 + 6*p**2 - 6. Let t be 20 + -26 + -19 + 20. Calculate l(t).
19
Let o(b) = b**3 - 9*b**2 + 10*b - 18. Let l = -624 + 665. Suppose 10*r - l = 39. Calculate o(r